40). What is the greatest common divisor of h and 16?
8
Let p(z) = 5*z - 33. Let o be p(12). Let u be 7/21 - (-1)/(-3). Suppose -5*b = -3*a, u*a = -b - 4*a + 23. Calculate the highest common factor of b and o.
3
Let x(k) = 152*k**3 + 3*k**2 - 2*k + 1. Let q be x(1). What is the greatest common factor of q and 44?
22
Let d = 194 + -193. What is the highest common factor of 13 and d?
1
Let t be ((-33)/(-12))/((-5)/240*-3). What is the greatest common divisor of t and 4?
4
Let n(z) = -z**3 + 11*z**2 + 2*z - 12. Let j = 34 + -23. Let w be n(j). Suppose 0*y = -6*y + 60. Calculate the highest common factor of y and w.
10
Suppose 5*t + j = 4981, 9*t - 4975 = 4*t + 5*j. Calculate the highest common divisor of 12 and t.
12
Let a(w) = -6*w - 10. Let c be a(-9). Let v = 82 - 71. What is the highest common factor of v and c?
11
Let o be (-268)/(-3) + 4/6. Suppose 0 = 3*p - 2*n - 22, 20*p - 25*p - 2*n + 58 = 0. What is the greatest common divisor of p and o?
10
Let x(z) = 368*z**2 - z + 1. Let k be x(1). What is the highest common factor of k and 23?
23
Suppose -4*d - 36 = 2*j, 3*d - 20 = 5*d + 2*j. Let g = d - -8. Suppose 4*i = 4*h + 60, -i = -g*h + 2*h - 21. Calculate the highest common divisor of i and 17.
17
Suppose -2*n + 3*x = x + 78, -2*x = -n - 44. Let b be n/(-4) + (-2)/(-4). What is the highest common divisor of b and 99?
9
Let q(a) = 4*a**2 - 12*a + 32. Let r be q(-8). What is the highest common factor of r and 12?
12
Suppose -153*j - 140 = -157*j. Let y be 26/4 - 4/(-8). What is the highest common divisor of j and y?
7
Let i = 6938 - 4259. Calculate the highest common divisor of i and 57.
57
Let n be 4/58 + (-108)/(-116). What is the highest common factor of 19 and n?
1
Suppose 0 = -153*q + 155*q - 88. Suppose 0 = w - 2*d - 2, -2*w - 5*d - 5 = w. Suppose 12 = 3*m - w*m. Calculate the highest common divisor of m and q.
4
Suppose 0 = 61*i - 1587 - 2073. Calculate the highest common divisor of i and 330.
30
Let u(z) = 50 + 30 - z**3 - z**2 + 2*z**2. Let h be u(0). Suppose -9*f = -128 - 16. What is the highest common divisor of f and h?
16
Let o(t) = -23*t + 147. Let m be o(5). Calculate the highest common factor of m and 136.
8
Let g(y) = y**2 + 7*y - 10. Let r be g(-7). Let u = r + 20. Let l(a) = -a**2 + 12*a + 4. Let k be l(6). Calculate the greatest common divisor of u and k.
10
Let o be (((-351)/18)/(-3))/(2/4). Suppose 6*s = 2*s. Let c be s + 1 + -3 - -15. What is the highest common divisor of o and c?
13
Let y(x) = -3*x + 11. Let s be y(6). Let p be 0/(-3 - s) - -184. Suppose -p = -3*h - h. Calculate the highest common divisor of 115 and h.
23
Let f(x) = 2*x + 14. Let g(r) = -r**3 + r**2 + 4*r. Let q be g(3). Let y be f(q). Let c = y - -16. What is the highest common divisor of c and 144?
18
Suppose -553*d + 546*d + 6083 = 0. Calculate the greatest common divisor of 79 and d.
79
Suppose 66*u + 528 = 77*u. What is the greatest common divisor of u and 112?
16
Let q be 5/((-275)/(-485)) - (-20)/110. Calculate the greatest common divisor of q and 423.
9
Suppose -4*h + 5 = -5*p, -4*h = -2*p - 2 - 0. Suppose 5*g = w - 18, h*w + 5*g + 26 = 2*w. Calculate the highest common factor of w and 2.
2
Let v(z) be the first derivative of -6*z**2 - 14*z - 2. Let p be v(-6). Calculate the greatest common factor of 29 and p.
29
Let l(w) = -w**2 - 3*w + 12. Let a = 27 - 32. Let s be l(a). What is the highest common factor of s and 1?
1
Let o(v) = 2*v**2 - 18*v. Let l be o(9). Suppose -4*m - 410 = -5*g, -5*m = 25 - l. What is the highest common divisor of g and 13?
13
Let i(k) = -10*k + 1. Let d be i(-1). Let q = d + -2. Suppose 1089 = 6*b + 5*b. What is the greatest common factor of b and q?
9
Let m be (-1)/((8/(-12))/(-1) + -1). Let c(s) = 2*s**3 - 5*s**2 + 6*s - 4. Let z be c(m). What is the highest common factor of 92 and z?
23
Suppose 3*o - o - 14 = 0. Let g = 6 - 5. Let q be g + (3 - o) - -6. Calculate the highest common factor of 33 and q.
3
Suppose 17*v = 53*v - 216. What is the highest common factor of v and 156?
6
Let l be 0 + -2 + 0 + 7. What is the greatest common divisor of 20 and l?
5
Suppose -2*u + 3*j = 0, 0*u + u - j = 0. Let a = -37 - -40. Suppose a*f - 4*f - 7 = 3*c, u = -4*f - 3*c - 1. Calculate the greatest common divisor of 1 and f.
1
Suppose 0 = 2*h - 3*c - 648, c + 0*c + 2 = 0. Suppose 33 = -6*w + h. Calculate the highest common factor of w and 24.
24
Suppose -55*u = -752 - 1338. Let l(c) = -3*c**3 - 8*c**2 + 2*c - 6. Let z be l(-6). Calculate the greatest common factor of z and u.
38
Let b be (-9)/6*56/(-3). Let u = -6 + 42. Let i = 6 + u. Calculate the highest common divisor of i and b.
14
Suppose -4*y - 25 = y - 4*m, 0 = 2*y + 2*m + 10. Let l(g) = -4*g. Let w be l(y). Calculate the highest common divisor of w and 10.
10
Suppose -4 - 1 = 5*h. Let u(p) = -88*p + 2. Let x be u(h). Calculate the highest common factor of 10 and x.
10
Let k(u) = 4*u. Let a be k(6). Let g be 6/(-4)*(-50)/15. Let m be (g*-13)/(-5) - -3. Calculate the highest common factor of m and a.
8
Let i be ((-2)/(-6))/((-1)/(-12)). Suppose -4*y + 11 = 3*r, -6*r = -i*r + 5*y - 5. Suppose 0 = r*z + 15 - 90. Calculate the highest common factor of 75 and z.
15
Let g = -358 + 713. What is the highest common divisor of g and 10?
5
Suppose 6*k - 1085 + 125 = 0. Calculate the highest common divisor of k and 32.
32
Let y be 36*3/((-36)/8). Let g = y + 31. What is the highest common divisor of g and 7?
7
Let a(x) = -x**3 + 9*x**2 - 6*x - 4. Let u be a(7). Calculate the highest common factor of u and 234.
26
Let v(o) = 3*o - 7. Suppose 13*b + 48 = 19*b. Let n be v(b). Calculate the highest common divisor of 187 and n.
17
Let i(t) be the second derivative of t**4/12 + t**3/6 - 3*t**2 + 2*t + 31. Let a be i(-5). What is the highest common divisor of a and 294?
14
Suppose 12*t = 1894 + 590. What is the greatest common divisor of t and 92?
23
Suppose -8 = -o + c, -36 = -4*o - 0*c + 3*c. Suppose -2*z + 18 = o. What is the highest common factor of z and 3?
3
Let t(z) = 2*z - 4. Let s be t(3). Let y = 7 - 19. Let m be (-70)/(-28)*y/(-10). Calculate the greatest common factor of s and m.
1
Let w = 459 + -118. What is the highest common factor of w and 31?
31
Suppose 3*z + 4*f = 44, 15 = -f + 4*f. Suppose q + 5*u - 22 = 0, -2*q - 3*u + 1 + 15 = 0. Calculate the highest common divisor of q and z.
2
Let r(v) = -v**3 + 10*v**2 + 2*v + 8. Let o be r(10). Let c be (-70)/o*24/(-10). Calculate the greatest common divisor of c and 60.
6
Suppose -23*c = 7*c - 43800. What is the greatest common divisor of c and 40?
20
Suppose -x + 3*x + 4 = 0. Let r be 6/(x/4 - -2). Suppose r*f = -119 + 375. What is the greatest common divisor of 16 and f?
16
Let o be -1 + 4 + 8/(-4) + 9. What is the greatest common factor of o and 210?
10
Let n be -2 - (3 + 0 - 6). Suppose -6*f + t = -5*f + n, -t = 2*f + 8. Let p be (f - -3) + 27 + -3. Calculate the greatest common factor of p and 16.
8
Let d be (-2)/(-11) - (-689)/143. Suppose -t - 4*t = 0, 2*v - d*t = 54. Calculate the highest common divisor of v and 3.
3
Suppose -132 = 90*o - 96*o. What is the greatest common factor of 6 and o?
2
Let q = -336 + 732. Suppose -4*c = 5*c - q. What is the highest common divisor of 11 and c?
11
Suppose -5*f = 5*a - 15, -3*a + 0*f = 2*f - 8. Suppose 3*k + 0*k = a*v - 22, k = -v + 11. Calculate the greatest common factor of 88 and v.
11
Suppose -n - 5*s - 11 = -31, s = 2*n - 7. Suppose -n*v = v - 60. What is the highest common divisor of 110 and v?
10
Let m = 89 - 39. Suppose 54 = 4*y + 3*u, 6*y - 5*u = y + m. What is the greatest common divisor of y and 18?
6
Let y(o) = o**3 - 9*o**2 + 8*o - 8. Let k be y(8). Let b(m) = 2*m + 2*m + 3*m + 17 - 6*m. Let x be b(k). What is the highest common factor of 54 and x?
9
Let g be 10/(-2) + (-2)/(-1). Let r be -73*(1*-4 - g). Let k = 121 - r. Calculate the greatest common factor of k and 120.
24
Let p be (-1)/(10/45)*(0 - 6). Let x be (-1850)/(-8) - p/(-36). What is the greatest common factor of x and 29?
29
Let u(y) = -10*y - 28. Let w be u(-8). Suppose 3*k - 71 = l, k = -k - 4*l + w. Calculate the highest common factor of 144 and k.
24
Let a(j) = j**3 - 8*j**2 - 9*j + 13. Let w be a(9). Let q = -7 + 9. Suppose 0 = -g - 2*g + 2*k + 115, -q*k = -2. What is the highest common factor of w and g?